 remainder when u is divided by r?
14
Suppose -c = 5*u - 378, 4*u - 336 = 73*c - 69*c. What is the remainder when 295 is divided by u?
64
Suppose 6*b = 9*b - 75. Let a = 35 - -549. Suppose -7*u = u - a. What is the remainder when u is divided by b?
23
Let g(l) = 522*l**2 - 20*l + 62. What is the remainder when g(2) is divided by 47?
42
Let u(h) = -h**2 + 28*h + 97. Let r be u(31). Suppose -r*s - 44 = -4*j - 0*s, 4*j - 3*s = 43. Let q = 52 - 28. Calculate the remainder when q is divided by j.
4
Let l(m) = -168*m - 1729. Calculate the remainder when l(-12) is divided by 74.
65
Let n = 277 + -257. Calculate the remainder when 15*((-44)/(-8) + 6/(-12)) is divided by n.
15
Suppose -55*d = -59*d + 24, 4*n + 2*d - 476 = 0. What is the remainder when 418 is divided by n?
70
Let c be 4 + 0 + -2 - 4. Let q be c*(-3 - 155/10). Suppose q = g - 2. Calculate the remainder when g is divided by 7.
4
Suppose 153 = -17*w - 204. What is the remainder when 5 is divided by (-49)/w - ((-4)/(-3) + -2)?
2
Suppose 0 = -5*g + v + 243, -4*v - 48 = 4*g - 252. What is the remainder when 978 is divided by g?
47
Let n = -918 + 1015. What is the remainder when n is divided by 9?
7
Suppose 221*n = 312*n - 16653. What is the remainder when 906 is divided by n?
174
Let k = 2286 + -2087. Calculate the remainder when k is divided by 50.
49
Suppose 5*t = 3*w - 0*t + 106, 0 = 3*t - 15. Let l = w - -617. What is the remainder when 0 + -2 - (l/(-2))/5 is divided by 20?
17
Let x = -110 - -112. Let c be 344/56 + x/(-14). Suppose c*g - 9*g = 5*q - 5, 0 = -2*g - q + 8. Calculate the remainder when 5 is divided by g.
0
Let t = -6040 - -6044. Let p(k) = k**2 - 9. What is the remainder when p(8) is divided by t?
3
Suppose -2*h + 324 = 2*j, 22*h - 3 = 21*h. What is the remainder when 339 is divided by j?
21
Suppose -4102 = -676*g + 662*g. Calculate the remainder when g is divided by 22.
7
Calculate the remainder when (19 - 17/(612/120))*1083 is divided by 28.
27
Suppose q = -2*j, j - 66 = -5*q - 21. Suppose d - 2*f - 29 = -q, 0 = 2*f + 8. Calculate the remainder when 51 is divided by d.
7
Suppose -4*c = -a - 4644, -8*a + 4*a + 1178 = c. Calculate the remainder when c is divided by 170.
142
Let n(s) = 2*s + 1. What is the remainder when (-2208)/(-644)*14/3 is divided by n(1)?
1
Let l = 1250 + -854. Calculate the remainder when -5 - (-112)/20 - l/(-15) is divided by 24.
3
Suppose 4*q = 5*v - 361, 9*v + 81 = 10*v - 3*q. What is the remainder when 772 is divided by v?
13
Let v(s) = 106*s - 2028. Calculate the remainder when v(24) is divided by 78.
48
Let h = -43 + 40. Let a = 84 + h. Suppose -2*j = -5*f + 95 + a, -5*f = -3*j - 179. What is the remainder when 134 is divided by f?
32
Let y(f) = -8*f + 13. Let a(k) = -215*k + 345. Let l(o) = -2*a(o) + 55*y(o). What is the remainder when 58 is divided by l(-3)?
3
Suppose -j = 2*d - 65, -25*j = d - 27*j - 20. Calculate the remainder when 4888 is divided by d.
28
Calculate the remainder when 12426/(-8)*(-744)/558 is divided by 14.
13
Let y = 7177 - 7082. What is the remainder when 2753 is divided by y?
93
Suppose -5*p = 25, -p + 157 = -5*u - 218. Let l = u - -160. Suppose -l = 9*s - 13*s. Calculate the remainder when s is divided by 5.
1
Let c be 4*2*1*(-9)/(-24). Suppose 2*q - 5*h - 23 = 0, 3*q - 6 = -c*h + 60. Calculate the remainder when 37 is divided by q.
18
Suppose 0 = 718*t - 735*t + 918. What is the remainder when 3076 is divided by t?
52
Let p(f) = 3*f**2 - 4*f + 3. Let y be 3*15 - -1 - (-227 + 232). Suppose 3 = -5*b - 3*z + 72, -3*b = 2*z - y. Calculate the remainder when p(4) is divided by b.
5
Suppose -1049 = 4*j + 5*d - 2845, -1780 = -4*j - d. What is the remainder when j is divided by 164?
116
Suppose -67*o + 1823 = -8227. Calculate the remainder when 300 is divided by o.
0
Suppose 400*o - 432*o = -205536. Calculate the remainder when o is divided by 17.
14
Suppose -54*g + 60*g - 48 = 0. Suppose -w + 245 - 72 = 0. Calculate the remainder when w is divided by g.
5
Let k = 248 + -121. Let a = -69 + k. Let m = a - 45. What is the remainder when 50 is divided by m?
11
Suppose 3*j + 3*b - 33 = 0, 3*j - 5*b + 11 = 4*j. Suppose 0 = -3*o + 29 - j. What is the remainder when 5/((-5)/(-3)) - -24 is divided by o?
3
Let h be ((-1)/(-1) - -6)/1. Let k be 88/(-33) + 2/3*1. Let x = h + k. What is the remainder when 9 is divided by x?
4
Suppose -9*b + 3*b + 582 = 0. Let w = b + -78. Calculate the remainder when 51 is divided by w.
13
Let n = -2409 - -2420. Calculate the remainder when 9459 is divided by n.
10
Let t be -26*(1 + 3/(-2)). Suppose 5*r = 223 - t. Let s(j) = -58*j**2 + 293*j + 1. What is the remainder when r is divided by s(5)?
10
Let b(o) = -o**2 - 32*o - 204. Let h be b(-9). Suppose -2*u + 72 = h*c + 16, -u + c + 18 = 0. What is the remainder when 193 is divided by u?
17
Let v = 8932 + -8888. Calculate the remainder when v is divided by 23.
21
Let u = 1181 - 599. Calculate the remainder when u is divided by 11.
10
Suppose 4*h - 5*c = -564, 3*c - 28 = h + 113. Let k = h - -146. Calculate the remainder when 14 is divided by k.
4
Suppose 2*b - 1424 = -334. Suppose -b = -2*i - 3*i. Suppose -4*k - 16*k + 1372 = 29*k. What is the remainder when i is divided by k?
25
Let b = -121 + 212. Let j be (-6)/(-9) - b/(-21). Suppose -5*t - j*y + 45 = -0*y, 3*y - 15 = -2*t. Calculate the remainder when t is divided by 7.
5
Suppose 4*a = 5*k + 46, 3*a - k - 386 = -335. What is the remainder when 625 is divided by a?
17
Suppose -m - 5*d + 0*d = -30, -4*m + 177 = d. Let o be (21/6)/(3/6). Suppose 92 = o*k - 3*k. What is the remainder when m is divided by k?
22
Suppose 0 = -27*v - 6*v - 6204. Let m = v - -198. What is the remainder when 48 is divided by m?
8
Suppose 0 = -2*h + w - 197 + 479, 0 = -3*h + 5*w + 416. Suppose -467 - 57 = -4*n. Suppose -n - 61 = -8*k. What is the remainder when h is divided by k?
22
Suppose -3*d - 2*x = 86, 3*d + 4*x + 94 = -0*x. Let c = -12 - d. Let k = 143 + -89. What is the remainder when k is divided by c?
12
Let p(o) = -11*o - 2. Let u(v) = 414*v**2 - 15*v - 10. What is the remainder when u(-1) is divided by p(-2)?
19
Let g(u) = -5*u + 11. Let t be g(-5). Suppose 0 = o - 5*s - t, o - 34 = -3*o - 2*s. Calculate the remainder when o is divided by 7.
4
What is the remainder when (-7)/(-5)*-20*(-2439)/36 is divided by 10?
7
Suppose 0 = g + 3*z - 200, -g + 5*z = -5*g + 814. Suppose 571 = 37*o - g. Calculate the remainder when 65 is divided by o.
2
Suppose -4 = -m + 1. Suppose 0*k + 3*k - 60 = 0. Calculate the remainder when 1/(-4) - (-165)/k is divided by m.
3
Suppose -117263 = -50*r - 46817 + 520204. What is the remainder when r is divided by 139?
137
Suppose -3*u + 35088 = 351*u - 10*u. What is the remainder when 374 is divided by u?
68
Suppose 3*g + 2*y + 5 = 0, 3*y - 2*y - 4 = 5*g. Let d(s) = -2*s - 30. Let z be d(-2). Calculate the remainder when 67 is divided by (-2 - z/4)*(g + 5).
13
Let x be (1 + 0)*(13 + -14). Let m = x + 3. Suppose j + 26 = 5*y, -2*y + m*j = 1 - 5. Calculate the remainder when 11 is divided by y.
5
Let w = -48 + 47. Let c be (-16)/(-24) - (w + (-13)/3). Calculate the remainder when -3*c/9*102/(-4) is divided by 18.
15
Let w(l) = 26*l**2 - 71 + 118 + 34*l - 85 - l**3. Let k = 104 + -53. What is the remainder when w(27) is divided by k?
49
Let q(x) = -x + 22. Let g(u) = -u**2 - 4*u + 84. Suppose 3*l + 6 = 5*j, -4 = -0*j - 4*j + 2*l. What is the remainder when g(j) is divided by q(0)?
18
Suppose 182 = -5*o + a + 8, -8 = -2*a. Let b = o - -36. Let m(z) = 3*z**3 - 4. What is the remainder when m(b) is divided by 7?
6
Let c(d) = 148*d + 1064. Suppose -5*a = -2*m - 2631, a - 5*m = 5*a - 2085. Suppose a = -0*j + 5*j. Calculate the remainder when j is divided by c(-7).
21
Suppose 1940 = 2*a + 4*t, 17*t - 14*t = 15. What is the remainder when a is divided by 26?
24
Let m be -2 + 16/7 + (-72)/(-42). Suppose j = s - 10, -2*j - 3*s - m*s = -8. Calculate the remainder when (37 - -1) + 4 + j is divided by 13.
10
Let y(x) = 4*x + 69. Let n be y(0). Suppose 0 = n*r - 63*r - 498. Calculate the remainder when r is divided by 30.
23
Suppose -53*x + 15 = -58*x. What is the remainder when (4/14)/(x/(-588)) is divided by 33?
23
Let l = -5184 - -5224. What is the remainder when 3479 is divided by l?
39
Let h(p) = -p**3 + 13*p